ime factors of 52309897.
37, 1413781
What are the prime factors of 857862998?
2, 193, 2222443
List the prime factors of 6128190216.
2, 3, 29, 463, 2113
What are the prime factors of 5203132?
2, 11, 118253
List the prime factors of 259616329.
7, 97, 382351
What are the prime factors of 18833914?
2, 11, 43, 463
List the prime factors of 577820959.
2393, 241463
What are the prime factors of 632512135?
5, 47, 1013, 2657
List the prime factors of 30963772.
2, 7, 101, 10949
What are the prime factors of 2746832517?
3, 11, 13, 97, 22003
What are the prime factors of 870730241?
769, 1021, 1109
What are the prime factors of 1595723615?
5, 17, 1104307
List the prime factors of 620776109.
10891, 56999
List the prime factors of 29030520.
2, 3, 5, 241921
What are the prime factors of 287377369?
287377369
List the prime factors of 3981826703.
43, 6067, 15263
List the prime factors of 5823281.
5823281
List the prime factors of 31446098.
2, 41, 383489
List the prime factors of 106800295.
5, 7, 313, 9749
List the prime factors of 340725114.
2, 3, 18929173
What are the prime factors of 1652676894?
2, 3, 11, 8346853
List the prime factors of 6623815141.
71, 93293171
What are the prime factors of 52703458?
2, 853, 30893
What are the prime factors of 107241182?
2, 53620591
What are the prime factors of 2225260667?
7, 313, 145091
What are the prime factors of 2796330625?
5, 11, 406739
What are the prime factors of 29924692?
2, 7, 17, 1283
What are the prime factors of 231536204?
2, 19, 3046529
List the prime factors of 3153280434.
2, 3, 11677, 45007
List the prime factors of 5010550088.
2, 31, 71, 284561
List the prime factors of 234720799.
234720799
What are the prime factors of 35310288?
2, 3, 13, 71, 797
List the prime factors of 2960410109.
23, 439, 449, 653
List the prime factors of 4519978539.
3, 41, 36747793
List the prime factors of 4267911084.
2, 3, 59, 6028123
List the prime factors of 398906417.
7, 13, 449, 751
List the prime factors of 1112879136.
2, 3, 2657, 4363
List the prime factors of 88105659.
3, 137, 463
What are the prime factors of 308849899?
2239, 137941
What are the prime factors of 112331504?
2, 47, 149377
List the prime factors of 335310807.
3, 13, 53, 162221
List the prime factors of 443375644.
2, 9791, 11321
What are the prime factors of 1609067442?
2, 3, 17, 23, 103, 6659
List the prime factors of 22349305.
5, 11, 17, 41, 53
What are the prime factors of 508148637?
3, 23, 1021, 7213
What are the prime factors of 6024353202?
2, 3, 7, 2593, 18439
What are the prime factors of 207204827?
7229, 28663
What are the prime factors of 174387111?
3, 19, 3059423
What are the prime factors of 3691359?
3, 7, 19531
List the prime factors of 201481025.
5, 17, 474073
What are the prime factors of 7281114?
2, 3, 79, 15361
List the prime factors of 147366544.
2, 13, 708493
List the prime factors of 1223315044.
2, 7, 263, 283, 587
What are the prime factors of 584787571?
584787571
What are the prime factors of 1305797176?
2, 421, 387707
List the prime factors of 1089163485.
3, 5, 24203633
What are the prime factors of 1675586705?
5, 13, 25778257
What are the prime factors of 366771393?
3, 241, 169097
What are the prime factors of 228776039?
43, 5320373
What are the prime factors of 71930683?
11, 23, 284311
What are the prime factors of 1279318654?
2, 41, 233, 66959
What are the prime factors of 292456794?
2, 3, 7, 994751
What are the prime factors of 609554615?
5, 139, 877057
List the prime factors of 647927099.
233, 277, 10039
What are the prime factors of 411164629?
23, 1277, 13999
What are the prime factors of 127002145?
5, 643, 39503
What are the prime factors of 1871997958?
2, 233, 523, 7681
List the prime factors of 78042157.
78042157
What are the prime factors of 440869878?
2, 3, 2721419
What are the prime factors of 14598023?
11, 19, 69847
List the prime factors of 37745008.
2, 7, 29, 11621
List the prime factors of 7752676027.
5813, 1333679
List the prime factors of 1104924846.
2, 3, 184154141
List the prime factors of 901730132.
2, 225432533
What are the prime factors of 149764495?
5, 29952899
What are the prime factors of 143315855?
5, 28663171
List the prime factors of 93815784.
2, 3, 281, 4637
What are the prime factors of 782779335?
3, 5, 13, 661, 6073
What are the prime factors of 117892480?
2, 5, 23, 8009
What are the prime factors of 277746072?
2, 3, 331, 34963
List the prime factors of 418192035.
3, 5, 29, 173, 5557
What are the prime factors of 862554579?
3, 23, 61, 204931
What are the prime factors of 42689697?
3, 31, 459029
What are the prime factors of 321093495?
3, 5, 229, 31159
What are the prime factors of 163403531?
163403531
What are the prime factors of 234308763?
3, 13, 43, 46573
What are the prime factors of 485991289?
7, 43, 1614589
List the prime factors of 6994815288.
2, 3, 373, 781369
List the prime factors of 4614797278.
2, 7, 13, 25356029
What are the prime factors of 3844175424?
2, 3, 239, 83773
What are the prime factors of 2287307681?
787, 2906363
What are the prime factors of 1923077695?
5, 7, 11, 4995007
List the prime factors of 1092767000.
2, 5, 13, 84059
List the prime factors of 58633411.
19, 3085969
What are the prime factors of 157180655?
5, 823, 38197
What are the prime factors of 62463925?
5, 19, 107, 1229
List the prime factors of 3111756707.
233, 677, 19727
What are the prime factors of 5038618892?
2, 19, 829, 79973
What are the prime factors of 7979523994?
2, 13, 1213, 253013
What are the prime factors of 136370553?
3, 11, 1367, 3023
What are the prime factors of 120916285?
5, 7, 19, 349, 521
List the prime factors of 2205444077.
19429, 113513
What are the prime factors of 317700320?
2, 5, 7, 827
List the prime factors of 1711247003.
37, 1279, 36161
What are the prime factors of 15476738?
2, 97, 79777
What are the prime factors of 99060117?
3, 13, 149, 17047
List the prime factors of 1250002901.
7, 5527, 32309
What are the prime factors of 335431521?
3, 37270169
What are the prime factors of 18664462?
2, 9332231
What are the prime factors of 1520879328?
2, 3, 61, 9619
List the prime factors of 2211896125.
5, 67, 109, 2423
What are the prime factors of 7961123331?
3, 7, 23, 5494219
List the prime factors of 21051470.
2, 5, 11, 211, 907
What are the prime factors of 4313716270?
2, 5, 139, 3103393
List the prime factors of 57733951.
11, 19, 276239
List the prime factors of 4060784898.
2, 3, 131, 1722131
What are the prime factors of 1073528840?
2, 5, 26838221
List the prime factors of 2239057691.
13, 6091, 28277
List the prime factors of 1453657898.
2, 7, 11, 9439337
List the prime factors of 2412337161.
3, 13, 7643, 8093
What are the prime factors of 4301978978?
2, 11, 195544499
List the prime factors of 2894660818.
2, 7, 206761487
What are the prime factors of 224875482?
2, 3, 13, 2883019
List the prime factors of 37169313.
3, 61, 101, 2011
What are the prime factors of 2132473295?
5, 11657, 36587
What are the prime factors of 1738266891?
3, 601, 964097
What are the prime factors of 43286525?
5, 331, 5231
List the prime factors of 867553846.
2, 433776923
List the prime factors of 109782361.
13, 19, 444463
What are the prime factors of 3231894239?
7, 271, 1703687
What are the prime factors of 5273619423?
3, 19, 23, 4022593
What are the prime factors of 3095073649?
3095073649
List the prime factors of 19181199.
3, 6393733
List the prime factors of 87520739.
87520739
What are the prime factors of 98554305?
3, 5, 6570287
What are the prime factors of 5653994788?
2, 13, 127, 856147
List the prime factors of 261108.
2, 3, 7253
List the prime factors of 200690013.
3, 66896671
What are the prime factors of 63587026?
2, 3167, 10039
What are the prime factors of 911175746?
2, 13, 31, 47, 67, 359
What are the prime factors of 64510305?
3, 5, 59, 72893
What are the prime factors of 2209670070?
2, 3, 5, 211, 349079
What are the prime factors of 2176367780?
2, 5, 108818389
What are the prime factors of 62755438?
2, 31377719
List the prime factors of 134006045.
5, 37, 227, 3191
List the prime factors of 66901299.
3, 19, 41, 28627
List the prime factors of 3687763797.
3, 53, 2017, 3833
List the prime factors of 109688049.
3, 1091, 11171
List the prime factors of 1299233623.
19, 68380717
What are the prime factors of 